he value of 17 - (-3 - -11) - (-8 + 0 - -12)?
5
Calculate (-3 - -8) + ((2 - 7) + 0 - -17).
17
Calculate -3 + 3 + -14 + 14.
0
Calculate (-15 - (-2 - -2)) + (3 - -11 - 7).
-8
Calculate (5 - 0) + (-41 - -61).
25
Evaluate 21 + 2 - 15 - 14.
-6
What is (29 - 37) + (-5 - 0) + -19 + 6?
-26
What is 40 + -39 - (-3 + 4 + 6)?
-6
What is -22 + -13 + 33 + 12?
10
What is 6 - (-10 + -11) - 4?
23
Evaluate -2 + (-6 - -2) + 7.
1
What is the value of (-6 - (5 + -5)) + 17?
11
Evaluate (0 - -28) + (368 - 393).
3
Calculate (19 + -1 - 2) + (48 - 23) + -29.
12
What is -2 + 2 + -1 + 0 + -5 + 3?
-3
What is the value of (1 + (-1 - -7) - 10) + 2 + -5?
-6
What is ((-1 - -5) + 0 - -5) + 3?
12
What is the value of (48 - 44) + (1 - 19)?
-14
Evaluate 0 - (-6 - (-8 - (-7 + 5)) - 1).
1
What is the value of -1 - -2 - -6 - ((-17 - 1) + 22)?
3
What is 1 + (-3 - -24) + -13?
9
What is the value of -14 - ((4 - (-4 - -8)) + -1 + -7)?
-6
Evaluate 3 + -10 + 5 + 21 + 0 + -5.
14
-19 + (9 - -19) + (22 - -1) - -5
37
Evaluate 15 + (-30 - -2) + -4 + 5.
-12
Evaluate (-3 - (5 + -2 + -4)) + -3 - 8.
-13
Calculate (-5 - 3) + -140 + 136.
-12
What is the value of 0 + 2 + 0 + (-45 - -73) + -19?
11
What is 19 + -10 + 27 + -11 + -11?
14
8 + 0 + 0 + 1 - (716 + -712)
5
What is (27 - 37) + (1 - (-2 + 1))?
-8
Calculate 19 + -14 + -21 + 37.
21
What is -7 + 17 + -6 + (2 - 10)?
-4
Calculate (-11 - (-3 + -10 - -2)) + -2 + -2.
-4
Evaluate 5 - (5 - ((-5 - -12) + 0)).
7
What is the value of 8 - (5 + -11 - (-1 - (3 - 2)))?
12
What is -21 + 0 + (-1209 - -1227)?
-3
Evaluate 1 - (-14 + (-8 - -8)).
15
What is the value of (14 - 41) + 37 - (0 + 5)?
5
Evaluate 6 + 3 - (53 + -55).
11
What is 2 - 24 - (83 + -104)?
-1
6 + -20 + 114 + -82
18
What is -2 + 0 - (-46 - -34)?
10
Calculate (-10 - 3 - (-42 + 40)) + -11.
-22
-2 - ((-2 - 2) + (-2 - (15 - 8)))
11
Evaluate -8 + (-16 + -6 + 15 - (-40 + 0)).
25
What is 20 + -2 + 0 + -209 + 206?
15
-20 + -10 + (4 - -13) + -14
-27
-19 + (-3 - -6) + 4 + (6 - 6)
-12
Evaluate (-1 - -7) + -11 - (3 - -2).
-10
Evaluate (-6 + 25 - 1) + -7.
11
What is the value of -10 - -19 - (-9 - 0 - 0)?
18
Evaluate (-4 - -10 - -2) + (0 - -13).
21
Evaluate (0 - 2) + (-2 - (-1 + -6) - 6).
-3
What is the value of 8 + -4 + (3 - -2) + -17 + 0?
-8
What is the value of -8 + (-9 - -22) + -4 - (8 - 2)?
-5
1 - 9 - (-7 + -2 - (1 - 3))
-1
Evaluate 5 - (-1 - (-31 + 29)).
4
5 + -4 + 1 + 7 - (3 + -4)
10
Calculate (-19 - -25 - (6 + 4)) + -24 + -2.
-30
Evaluate -1 + -1 + (-5 - (-7 - -3) - -6).
3
4 - -3 - -16 - 10
13
Evaluate -10 + 3 - (-13 - (-1 - -3)).
8
-5 - 5 - -12 - 11
-9
What is the value of 0 + 2 + (948 - 959)?
-9
Calculate 9 + 0 + (28 - 47) + 2 + 20.
12
What is the value of (-1 - 0) + (-12 - -27) + (9 - 12)?
11
Evaluate 19 - 0 - 17 - (14 + 1).
-13
Evaluate -67 - -82 - (4 - 1).
12
What is the value of 111 + -81 - (16 - -1)?
13
Calculate -108 - -96 - (-9 - -5).
-8
Calculate 21 - (-13 - -17) - 16.
1
(7 + 13 - 4 - 7 - 9) + 22
22
Calculate 249 + -299 + 0 + 32.
-18
Calculate -20 - -32 - ((-2 - 0) + 2).
12
What is the value of 8 - (-19 - (-17 + 10) - -12)?
8
Calculate 14 + -6 + -1 - -5.
12
What is 2 - -1 - -4 - (-8 - -5)?
10
What is 0 - 3 - (-7 - (-42 + 25))?
-13
What is 77 - 86 - (1 - -1) - -16?
5
What is (-31 - -2) + (79 - 73)?
-23
What is (1520 - 1517) + -1 + (-3 - (-1 + 3))?
-3
-13 + 19 - -6 - 9 - 14
-11
What is -2 - (-14 + 3 + 13 + (-32 - 1))?
29
Calculate -24 - (-10 - (10 - (18 + -4))).
-18
What is the value of -19 + 6 + -10 + 9?
-14
-7 - -1 - (9 - 6 - (-2 + 0))
-11
Calculate -19 - (1 - (-1 + 4) - (6 + -4)).
-15
What is the value of (0 - -2) + 38 + -26?
14
Calculate -1 + 11 - (966 + -961).
5
What is the value of 0 + 13 + -18 + 13?
8
-8 + -1 - (36 - (23 + -7 + 3))
-26
What is 8 + (-42 - (7 - 33))?
-8
Evaluate 5 + (-16 - -13) + 9.
11
What is (-5 - (12 - 15) - 23) + 4?
-21
What is -3 + -7 + (-25 - -23)?
-12
What is -28 + (20 - 5) - -8?
-5
Evaluate 2 + 10 - (1 + 0 - (8 - 8)).
11
What is the value of -81 + 74 - (-1 + -3)?
-3
What is -2 + 0 + -10 - (36 + -62 + 26)?
-12
Evaluate -64 + 68 - (0 - -5).
-1
Calculate (-3 - 6 - -11) + -6 - (2 + -10).
4
What is the value of -14 + 1 + 2 + 8 - -9?
6
What is the value of 10 - (-12 - (9 - -2 - 25))?
8
What is (-2 - -4) + -8 + (-21 + 10 - -14)?
-3
What is 44 + (5 - 51 - -11)?
9
Evaluate 43 + (-20 - -6) + -7.
22
What is the value of (-16 + (-8 - -12) - -1) + 10?
-1
What is the value of 40 - (82 - 47) - (10 - (1 - -1))?
-3
Calculate -6 - ((7 - -1) + -25 + 15).
-4
(-12 + 8 - 5) + (15 - 6) + 23
23
What is -18 - (-31 + 13) - -19?
19
(5 + -3 + 5 - (-5 + 22)) + 3
-7
What is the value of -3 - 0 - (-9 + (-7 - -5 - -11))?
-3
47 + -57 - (0 + -13)
3
What is -13 + 4 + 1 - -14 - 3?
3
Calculate (1 - -4) + -15 + 11 + 10 + -1.
10
What is (23 - 17) + (2 + 0 - (10 - 19))?
17
Evaluate -22 + 11 - -4 - -16.
9
What is -146 - -150 - ((-3 - -3) + 37)?
-33
What is the value of (74 - 70) + (0 - 1)?
3
What is the value of -3 - ((9 - 5) + -5 + 10)?
-12
Evaluate 0 + -16 + (-4 - -19).
-1
Calculate -2 + 4 + -1 - (62 + -68).
7
(-2 - (-2 - 23)) + -10
13
Calculate 4 - (-1 + 4 + -10) - (2 + -2).
11
Evaluate 7 - ((-1 - (2 + -3)) + (3 - 3)).
7
-17 + 22 + (-2 - -5 - 4) + 1
5
Evaluate 4 + 0 + -2 - (18 + -23).
7
Calculate 20 + -2 - -25 - (8 + 8 + -15).
42
What is -4 + (113 + -122 - (-3 - 1)) + 22?
13
-2 + -1 - (-8 + 28 - -2)
-25
Evaluate -15 + (35 - 29) + -1 + 34.
24
(19 - 6) + -2 - (-36 + 27)
20
Evaluate 9 + (-17 - (-1 + -5)).
-2
What is the value of 6 + 0 - (-165 + 184 - (28 - -1))?
16
Calculate 6 - ((58 - 69) + (6 - -1) + 10).
0
What is the value of 13 + (-5 - -15 - 29)?
-6
-15 - (6 + -17 + -12) - 10
-2
Evaluate -60 + 30 + -22 + 28.
-24
Calculate -4 + 2 + (-195 - -176).
-21
What is the value of -3 + -12 + -7 + 17 + 4 + 12?
11
What is 81 + -89 - (0 + 2)?
-10
-3 + 15 - 6 - (16 + -4)
-6
What is 49 + -47 - (-1 - (-2 - -2))?
3
Calculate 7 + -3 + (-5 - 7) + 10.
2
Evaluate -4 + 0 + (-9 - (1 + 0 + -17)).
3
Calculate 17 - (1 - -18) - 3.
-5
28 - 19 - (12 + 2) - -11
6
What is the value of 19 + -23 + (-3 + -2 - 6)?
-15
Evaluate (-20 - -33 - 49) + 40.
4
-1 + 2 - (-6 - -4 - (-2 - -7))
8
-11 + (2 + (2 - -7) - 16)
-16
Evaluate -1119 + 1123 + (-25 - (1 + 0 + -1)).
-21
Calculate -21 - -3 - (1 + 4 + -12 + 10).
-21
(-50 - (-64 + -22)) + (-12 - 0)
24
Calculate (25 - (-6 + 14)) + (0 - (0 + 3)).
14
(29 - 53) + -1 + 15
-10
What is 24 + -5 + (43 - 77)?
-15
-7 - 9 - (9 - 8 - -2 - 0)
-19
Evaluate 5 + (-26 - -40) + -9.
10
Calculate -28 - (25 - (12 - -26)).
-15
What is the value of -7 + (14 - 8) + -4 + 7 - -9?
11
What is -7 + (31 - 4) - 14?
6
What is the value of -7 - (0 - -9 - 16) - (2 + -3)?
1
Calculate (-866 - -803) + (26 - 1).
-38
Calculate -35 - 0 - ((15 - 36) + 12).
-26
Calculate -12 - (-25 + (-16 - (4 + -13))).
20
What is 6 + -4 - (13 + -8)?
-3
Evaluate 0 - (-4 - (-8 - -12)) - 7.
1
Calculate (-4 - (-6 - -6)) + (-8 - 1 - -25).
12
What is (5 - (2 - 1)) + (3 - (6 - -12))?
-11
Evaluate -24 + 26 + 6 + -10 + -2.
-4
-9 + 28 + (15 - (6 + 4) - 3)
21
Calculate -8 + 11 + -7 + 5 + -1 - -4.
4
-9 + 9 + -4 + (30 - 7)
19
Calculate 216 - 197 - (0 + 4).
15
-36 - (-20 + (24 - 26))
-14
8 - (-3 + (82 - 87 - (-5 - 0)))
11
-432 + 408 - (-3 + 0)
-21
What is -22 + (5 - 21) + 27?
-11
What is -14 - (-10 + 2 + -4 + 4)?
-6
What is the value of 2 - (25 - 6 - 12)?
-5
What is (-6 - (-32 - -23)) + -1?
2
What is (1 + -1 - 8) + (-69 - -26) + 14?
-37
-1 - -35 - (-47 + 64)
17
What is -13 - (2 + 4 + 5 + -5 + -12)?
-7
What is the value of 2 + 3 - ((-5 - -11) + 4 + -2)?
-3
What is 10 + 8 + 6 + -10 + -2 - 0?
12
5 - (14 - 28 - -18)
1
What is 8 + (-7 - -4) - -6?
11
Calculate -5 + (-6 - -3) + 10 + 0 + -2.
0
What is the value of 29 + -42 - (-8 + -8)?
3
What is the value of 8 + 3 - (-7 + 11 + -4)?
11
-30 - (3 - -2 - (-32 - -13 - -20))
-34
What is the value of -18 - (0 - -8 - (-20 - (-67 + 32)))?
-11
1 - -13 - (-347 + 363)
-2
What is the value of -3 - (-9 + (8 - (3 - -5)))?
6
What is the value of 13 + -9 + 0 + -3 + (0 - -4)?
5
5 - (-2 + (6 - -15))
-14
What is the value of 6298 + -6329 - (-5 + (3 - (3 + -2)))?
-28
0 + -7 + 3 + (118 - 116)
-2
Calculate (-1 - -1) + -8 + (-3 + -13 - -19).
-5
Evaluate -4 - (-34 + 31 + 12 + (2 - 5)).
-10
Calculate (10 - (0 - (-1 - 7))) + 4.
6
Calculate 9 + (-53 - (-2 + 4 + -11 + 3)).
-38
Calculate 39 + -49 + 0 + 0.
-10
32 - (29 + 14) - 16
-27
What is -26 - ((-24 